et w be (-90)/(-21) - h - (-4)/(-14). Is 3*(-4)/w + 1271 composite?
True
Suppose -11*r + 68031 = 5001. Suppose -5*j = -5*y - r, 3*y - 2412 + 95 = -2*j. Is j composite?
False
Let n = 95789 + -18600. Is n a prime number?
False
Suppose -9*z + 248 = -823. Let k = z - 115. Is ((-2332)/(-16) - -1)*k a composite number?
False
Let k(i) be the second derivative of 11*i**4/6 - i**3/3 + 13*i**2/2 - 2*i - 2. Is k(-4) a prime number?
True
Suppose -5*x - 103947 = -p - 33922, -4*p - 4*x = -279908. Is p composite?
True
Let l(f) = 23*f**3 - 3*f**2 + 3*f - 1. Let h be l(1). Suppose -h*y - 11 = -8349. Is y composite?
False
Suppose 3*b = q, 5*b - b + 20 = 0. Let i be 15/(q/(-19600)*5). Let g = i + -2757. Is g composite?
False
Suppose 2*p = 2*q - 1281 + 5193, 0 = -3*q - 12. Let c = p + -504. Suppose -4*s + c = 3*o, 0 = -s - 4*o - 0*o + 375. Is s a composite number?
False
Let v be (1 - -4)*(-8)/(-10). Suppose -2*g - 2*p = 10 - 2, 2 = v*g - 2*p. Let x(u) = -158*u + 5. Is x(g) a prime number?
True
Let o(n) = 2*n**3 - 23*n**2 - 13*n + 16. Let l = 21 - 9. Let k be o(l). Suppose k*p = -4*a + 3464, 4*a - p - 3504 = 3*p. Is a a composite number?
True
Suppose 6*v - 5*v - 3*h = -9, -6 = -2*v - 2*h. Let p = 249 + -250. Is 97 + (-6 - -1) + p + v composite?
True
Let g = -143749 - -240722. Is g prime?
True
Let w be 1/(-3) + 97496/168. Suppose 5 = i, -5*g - i + w = -0*i. Is g a prime number?
False
Suppose -2248 = 3*a - 2*l + 13599, -4*a = 2*l + 21148. Let v = 13786 + a. Is v composite?
False
Suppose 347*d - 13891 = 346*d + 4*n, 27782 = 2*d + 5*n. Is d prime?
False
Let z(i) = 5*i - 12. Let r be z(10). Let j be (r/5)/((-28)/(-123620)). Suppose 10*k - j = -13044. Is k a composite number?
True
Let w = -157973 - -107664. Let c = 469 - 468. Is c/(-2) + w/(-14) a prime number?
True
Let h(q) = -q**3 - q**2 - q + 1. Let x(d) = -415*d**3. Suppose -14 + 17 = -3*y. Let j(n) = y*x(n) + h(n). Is j(2) a prime number?
True
Let q = 41059 - 758. Is q composite?
True
Suppose -2*c + 27 - 8 = -3*k, 0 = -c - k + 2. Suppose 0 = 5*f + 3*a + 60, 20 = -4*f - c*a - 28. Is (-2)/f - 3317/(-6) a composite number?
True
Suppose 10*g = -55 - 5. Is 15802/g*1*(-1 - 2) a composite number?
False
Suppose 0 = -4*r - 16, 4*t - 5*r = 66169 + 94023. Is t composite?
True
Is 4/(-26) + 300/(-260)*-77351 composite?
True
Let g = 53029 - 20926. Suppose 101704 - g = 7*f. Is f a composite number?
True
Let k = -58093 - -83964. Is k composite?
True
Let s(a) = 13*a + 3. Let d be s(-2). Let f = 22 + d. Is f/2*6 - -306 composite?
True
Let h(p) = 155*p + 21. Suppose -15 = -2*q - q. Suppose q*u + 31 = 51. Is h(u) a composite number?
False
Is (0 + 617806)*((-55)/(-121) - 1/(-22)) a prime number?
False
Let q(c) = 33579*c**2 - 236*c + 471. Is q(2) a composite number?
True
Let m(q) = 7*q**3 - 12*q**2 - 87*q - 67. Is m(21) composite?
False
Let o be (-1524)/8*1*(-28)/3. Suppose -o = -y - y. Is y a prime number?
False
Suppose 16*w + 133 = 581. Let p(n) = 3*n**2 + 63*n - 13. Is p(w) a composite number?
True
Let k = -3357 - -6572. Let y = 336 + k. Is y a prime number?
False
Let x(b) = 15438*b**3 - 78*b**2 + 76*b + 3. Is x(1) a prime number?
True
Suppose -20*u = -64096 - 5530 - 298194. Is u a prime number?
False
Suppose 8*a = 13*a + 6860. Let y = 3810 - a. Is y a composite number?
True
Let s(j) = j**3 + 13*j**2 - 2*j - 23. Let m be s(-13). Is 3 + (-4)/12*(-6102)/m a composite number?
True
Let z(o) = -o**3 + 4*o**2 - o + 1. Let q be z(3). Let f = -2635 + 3886. Suppose -q*b + 1402 = -f. Is b a prime number?
True
Is 6565 - (11/(88/64) - 6/1) composite?
False
Suppose 11519632 - 6608073 = 33*d - 10927484. Is d prime?
True
Suppose -13299 - 2002 = 13*h. Let l = 658 - h. Is l prime?
False
Let x(n) = n + 5. Let d be x(-3). Suppose -1519 = -3*f + 4*q, 4*f - d*q - 1529 = f. Let l = 1214 - f. Is l a prime number?
True
Let y be (-2)/(-1) + 1765 + 0. Let g = 2834 - y. Is g prime?
False
Suppose -d + 0*d - 10 = -2*a, -16 = 2*d - 2*a. Let c be 1/2 - (59649/d - -2). Suppose 3*w - 7*g - 14917 = -2*g, 0 = -2*w + g + c. Is w a prime number?
True
Suppose 0 = 4*a + 2*q - 26, 3*q + 29 = 4*a + 4*q. Suppose 54*c = 50*c + a. Is c + -4 + 0 + 319 prime?
True
Let z be (-177)/4 + 42/(-56). Is (104022/z)/(2/(-5)) a composite number?
False
Let k = 256 + -256. Suppose -133*h + 138*h - 33145 = k. Is h a prime number?
False
Suppose -5*m = -4*m + 3*f - 168599, -4*m + 674396 = 8*f. Is m composite?
False
Let u(l) = 131*l**2 - 8*l + 1729. Is u(-86) a prime number?
False
Let a(d) = 175*d - 762. Is a(23) composite?
True
Let g(x) = 3*x - 47. Let p be g(17). Suppose -p*l + 575 = -3717. Is l prime?
False
Suppose 5*q - 954032 - 151670 = -4*c, c = 4*q - 884591. Is q prime?
False
Let f(a) = 1579*a**2 - 180*a + 1198. Is f(7) a prime number?
False
Let q(s) = -20*s**3 + 5*s**2 + 11*s - 12. Let a(i) = 22*i**3 - 4*i**2 - 10*i + 13. Let x(h) = -3*a(h) - 4*q(h). Is x(7) a composite number?
True
Let z = -1467 + 3771. Let s(t) = -t**3 - 2*t**2 - t - 1. Let q be s(-3). Let w = z - q. Is w a composite number?
False
Suppose 5452 = -12*d + 1492. Let m = d - -593. Is m a composite number?
False
Let s(b) = 1564*b**2 - 80*b - 75. Is s(6) prime?
False
Let c(j) = -9*j + 2. Let t be c(-1). Suppose t - 29 = 6*k. Is (-4619)/(-2) - (k + (-42)/(-12)) a prime number?
True
Let t(y) = -120 + 63*y - 17*y + 102*y + 171*y. Is t(23) prime?
False
Suppose -5*p + 7*r + 1282620 = 0, p + 47*r = 46*r + 256536. Is p a composite number?
True
Let l(f) = 797*f**2 + 5*f + 59. Is l(6) a composite number?
True
Suppose 187*m - 2631728 = 11*m. Is m prime?
False
Suppose 0 = 5*l + 5*d - 460, -5*l = -7*l - 4*d + 176. Is -25989*(l/(-18) + 5) a prime number?
True
Is (-32)/6400*-25*(2 - -2016006) prime?
True
Let r(h) = 2*h**2 + 6*h - 5. Let x(k) = -k**2 - 8*k + 12. Let a be x(-9). Suppose a*u + 5*f + 10 = -12, 0 = -5*u - 4*f - 28. Is r(u) a prime number?
True
Let k(c) = -48297*c - 616. Is k(-5) prime?
True
Let c(k) = -138*k - 23. Let h(r) = -276*r - 46. Let q(d) = -13*c(d) + 6*h(d). Suppose 3*n - 13 = 5*v, 3*n + 2*v - 16 - 4 = 0. Is q(n) a composite number?
True
Suppose 176*r - 9424575 - 18541297 = 0. Is r a prime number?
False
Suppose 0 = -4*m + 9*m - 4*m. Suppose -20296 = -4*i + 4*b, m = 4*i + 4*b - 16750 - 3586. Is i a prime number?
False
Suppose u = b + 2*b + 6, -4*u - 5*b - 10 = 0. Is (-52468)/208*(u + -20) a prime number?
False
Let f(z) = 3*z**2 + 2*z - 3. Let b be f(4). Let m be (50/(-35))/(((-4)/364)/1). Let p = m - b. Is p prime?
False
Let x(l) = 15*l - 47. Let s be x(16). Let y = 672 - s. Is y prime?
True
Is ((-92)/(-184))/(1/29938) a composite number?
False
Let g = -13442 + 22540. Let b = 13511 - g. Is b composite?
True
Is 10/15 + (-45546)/(-18) composite?
False
Let p(b) = 3476*b - 3398. Is p(56) a composite number?
True
Suppose 11349 = -2*u + 11*u. Let y = u - 476. Is y a composite number?
True
Let w = 7030 - -3811. Is w a composite number?
True
Let m(t) = 3*t**2 - 1. Let w be m(1). Suppose 5763 = 2*n + p, w*n - 4*p - 2877 = n. Suppose a - k - 4*k - n = 0, -k = 4. Is a a composite number?
False
Let j(o) = -o**3 - 8*o**2 - 11*o - 21. Let q be j(-7). Suppose -3*v - y + 1242 = 0, -q*v + 1669 = -3*v - 3*y. Is v composite?
True
Let x = 594 + -593. Let h(j) = 6594*j**3 - j**2 + 3*j - 1. Is h(x) a prime number?
False
Let f(k) = 240*k**2 - 22*k + 25. Is f(-12) a composite number?
False
Suppose 732988 = 4*x + 2*p, 5*p = -2*x - 177003 + 543497. Is x a composite number?
False
Suppose -5*j + 6*j = -2*q - 14553, 0 = 3*q - 4*j + 21835. Let g = q + 14116. Let k = -3732 + g. Is k a composite number?
True
Let y be (24 - 23)/((-2)/18852). Is (1/3)/((-2)/y) prime?
True
Suppose -938 = -0*m - 17*m + 1289. Is m composite?
False
Suppose -12156 = 4*z + 4*y, -5*z - 4*y = 5256 + 9942. Let o = 13579 + z. Is o a prime number?
False
Let k = 29254 + -8627. Is k a prime number?
True
Let v = -9357 - -40016. Is (-2*2/4)/((-23)/v) a composite number?
True
Let g = 113809 - -49128. Is g composite?
False
Let c(q) = 24*q**2 + 7*q + 2. Let i be c(-3). Let b be (2 + i)/(((-5)/(-40))/1). Suppose z = 2*j - 6*j + 1584, 3*z - b = -4*j. Is j prime?
False
Let a(l) = -l**2 + 15*l - 13. Let v be a(13). Let z(n) = -79*n + 3 + v + 370*n. Is z(7) prime?
True
Let s be 3967 - (1 + -1 - 2). Is (-2)/(-2)*5 + (s - 28) composite?
True
Let w = -6 + 8. Suppose -5*l = 2*s - 7, -w*s +